In base 4, what is -11 - -1030?
1013
In base 14, what is -5d - 51?
-b0
In base 12, what is 5 + 31?
36
In base 15, what is -3 - 74?
-77
In base 16, what is 5a5 - 1?
5a4
In base 10, what is -12 - -378?
366
In base 9, what is -7885 + -4?
-8000
In base 7, what is 4134 + 4?
4141
In base 2, what is 101011011 - -111?
101100010
In base 6, what is -31 + -55?
-130
In base 3, what is 2120200 + 10?
2120210
In base 9, what is -172 - 0?
-172
In base 16, what is -4 - 8?
-c
In base 4, what is 231 + -2011?
-1120
In base 16, what is 8b5 - 0?
8b5
In base 6, what is 123 + -232?
-105
In base 16, what is -7a1 - -1?
-7a0
In base 10, what is -45 + -150?
-195
In base 4, what is 113 - 11?
102
In base 3, what is -100111 - -12?
-100022
In base 9, what is 0 - -168?
168
In base 11, what is -1 + 244?
243
In base 8, what is 4 + -2204?
-2200
In base 12, what is -45 + 3?
-42
In base 13, what is -3b + -4?
-42
In base 3, what is -2 + 2022?
2020
In base 13, what is 2 - 3cb?
-3c9
In base 4, what is -12 - -33?
21
In base 15, what is 2 + -2a?
-28
In base 2, what is 110 - -1110010?
1111000
In base 12, what is -192 - -7?
-187
In base 6, what is 421 - -21?
442
In base 9, what is 2416 + -6?
2410
In base 8, what is -231 - 3?
-234
In base 14, what is 1 + 115?
116
In base 9, what is -36112 + -2?
-36114
In base 4, what is 320 - 0?
320
In base 6, what is -24053 - -5?
-24044
In base 4, what is -12000 - 123?
-12123
In base 14, what is 4 + 2bd?
2c3
In base 8, what is -5 + 36?
31
In base 14, what is 6 - -33?
39
In base 16, what is 5 - -54?
59
In base 16, what is -22 - -7e?
5c
In base 8, what is 7707 + -5?
7702
In base 9, what is -54 - -25?
-28
In base 14, what is -63 - -51?
-12
In base 12, what is 3 + 35?
38
In base 3, what is 12 - -12200?
12212
In base 13, what is -57 - -44?
-13
In base 2, what is 1000011 + -11001001?
-10000110
In base 4, what is -2 - 221?
-223
In base 10, what is 124 - 6?
118
In base 5, what is -1 - -144331?
144330
In base 2, what is -10011 - -101011000?
101000101
In base 16, what is -4 - -2b?
27
In base 13, what is -b59 + 2?
-b57
In base 16, what is 3 - -1624?
1627
In base 5, what is -14144 + 1?
-14143
In base 12, what is 81 + 2?
83
In base 13, what is -7 - 2a?
-34
In base 6, what is 315 - 5?
310
In base 13, what is 70 - a?
63
In base 16, what is 2 + -5e?
-5c
In base 4, what is -30 - 112?
-202
In base 2, what is -111 + -1101?
-10100
In base 2, what is 1110 + 11001?
100111
In base 15, what is 4 + -3?
1
In base 3, what is 211 + -2?
202
In base 10, what is 2 + 2374?
2376
In base 15, what is 4 - a?
-6
In base 13, what is -4 + 13c3?
13bc
In base 3, what is 1212 - 22?
1120
In base 3, what is 10 - -201001?
201011
In base 12, what is -225 - -8?
-219
In base 9, what is -56 - -531?
464
In base 2, what is 10101 + 100?
11001
In base 15, what is -1391 + -2?
-1393
In base 12, what is -3 - -6bb?
6b8
In base 6, what is -211 - 22?
-233
In base 4, what is -1 - 3223?
-3230
In base 3, what is 21 - 100012?
-22221
In base 13, what is 3 - -13?
16
In base 2, what is 100 + 110111?
111011
In base 4, what is -120132 - 1?
-120133
In base 13, what is 19 - -8?
24
In base 13, what is 688 + -4?
684
In base 6, what is -3 + 3452?
3445
In base 2, what is -101101101101 + -101?
-101101110010
In base 7, what is 6 - 3331?
-3322
In base 5, what is -331 - -104?
-222
In base 6, what is -532 - 5?
-541
In base 14, what is -26 + 6?
-20
In base 8, what is -162 - -240?
56
In base 11, what is 5199 + 2?
51a0
In base 14, what is 1 - -cb8?
cb9
In base 14, what is 5 - -2300?
2305
In base 8, what is 357 + 34?
413
In base 11, what is -85 - 0?
-85
In base 12, what is 0 + 11?
11
In base 11, what is -551 - 4?
-555
In base 5, what is -32202 - 12?
-32214
In base 8, what is 7 + 53?
62
In base 2, what is -100 + 11001110?
11001010
In base 13, what is 18c + 6?
195
In base 14, what is d + -15?
-6
In base 12, what is 23 - -6?
29
In base 15, what is -2 + -1a?
-1c
In base 14, what is -11 + -a3?
-b4
In base 10, what is -421 - 6?
-427
In base 11, what is a5 - -47?
141
In base 6, what is 3 - 410?
-403
In base 14, what is -66 - 10?
-76
In base 6, what is 5 - -435?
444
In base 2, what is 10101000 - -10?
10101010
In base 2, what is 100 + -100011100?
-100011000
In base 7, what is -664 + 0?
-664
In base 2, what is 11001 + -1101100?
-1010011
In base 6, what is 2152 - -25?
2221
In base 8, what is -4 - 105?
-111
In base 7, what is -12 + -122?
-134
In base 3, what is 11 - 122000?
-121212
In base 9, what is -15 - -8?
-6
In base 8, what is 1003 - -21?
1024
In base 16, what is -3 + 10?
d
In base 5, what is -3404 + 4?
-3400
In base 8, what is -647 + 0?
-647
In base 14, what is -120c - -3?
-1209
In base 12, what is -3 - -62?
5b
In base 5, what is -3013 + 10?
-3003
In base 11, what is -464 + 1?
-463
In base 7, what is 2 + 1?
3
In base 10, what is 2090 - -1?
2091
In base 4, what is 102 + -10?
32
In base 6, what is 235 + 0?
235
In base 10, what is -4 - -135?
131
In base 2, what is -1 - 101110100?
-101110101
In base 7, what is 5 + 6440?
6445
In base 10, what is 29 - 11?
18
In base 13, what is 67 - 4?
63
In base 2, what is -10 - 101011101?
-101011111
In base 5, what is -1 + 101040?
101034
In base 10, what is 3 + -151?
-148
In base 5, what is -14100 + -3?
-14103
In base 14, what is 306 + 7?
30d
In base 10, what is 2 - -60?
62
In base 5, what is 404 - 13?
341
In base 2, what is 111 - -1011011?
1100010
In base 16, what is -7 - 127?
-12e
In base 2, what is -11001 - -10111?
-10
In base 2, what is 1 + -1110000000101?
-1110000000100
In base 4, what is 111302 + -120?
111122
In base 3, what is -10 + -10120?
-10200
In base 7, what is 531 + 3?
534
In base 7, what is 5 + -5313?
-5305
In base 10, what is 48 - -35?
83
In base 5, what is -324 + 0?
-324
In base 2, what is 0 - 10011011000?
-10011011000
In base 15, what is d - 58?
-4a
In base 5, what is 2332 - 2?
2330
In base 5, what is 12 + -123121?
-123104
In base 10, what is -2 + -38?
-40
In base 6, what is -34 - -203?
125
In base 7, what is 316 + 63?
412
In base 12, what is -10 + 411?
401
In base 9, what is -63 + 3?
-60
In base 3, what is -110 - -11011?
10201
In base 14, what is -11 + -399?
-3aa
In base 5, what is 1 + 240?
241
In base 14, what is 70 + b?
7b
In base 16, what is 6 + -30?
-2a
In base 2, what is -1110 + -100?
-10010
In base 3, what is 21012 - 10?
21002
In base 2, what is -10000101110101 - 11?
-10000101111000
In base 10, what is -3 + 192?
189
In base 15, what is -20 + -4?
-24
In base 4, what is -12 + -13?
-31
In base 10, what is -31 - -4?
-27
In base 2, what is -11100000010001 + -1?
-11100000010010
In base 2, what is -10011100 - -100?
-10011000
In base 15, what is 50 + 11?
61
In base 2, what is -11010101000001 + 0?
-11010101000001
In base 2, what is 1 + 1110101?
1110110
In base 16, what is -d - -559?
54c
In base 12, what is 3b7 + 6?
401
In base 6, what is -2 + -141?
-143
In base 6, what is 102 + 1?
103
In base 2, what is 101 + -111011101011?
-111011100110
In base 2, what is 101 - -1111110010?
1111110111
In base 8, what is 2 + -306?
-304
In base 14, what is 139 - 2?
137
In base 15, what is 8a + 4?
8e
In base 5, what is -1 + -104013?
-104014
In base 7, what is -211 - -162?
-16
In base 7, what is 501 + -125?
343
In base 4, what is -10 + -320?
-330
In base 10, what is 0 - -372?
372
In base 8, what is -61 + -10?
-71
In base 7, what is -1 - -144?
143
In base 10, what is -5164 + 3?
-5161
In base 14, what is 3c + 2?
40
In base 15, what is 1 - 68?
-67
In base 11, what is -6 + 7?
1
In base 4, what is -3013 + 0?
-3013
In base 11, what is -171 - 5?
-176
In base 9, what is -11 + 13?
2
In base 7, what is 31 - 1?
30
In base 3, what is -2210 - 11?
-2221
In base 2, what is -11100001 + 11?
-11011110
In base 10, what is 13 + -34?
-21
In base 3, what is -21210 - -2?
-21201
In base 8, what is -5 + -1200?
-1205
In base 5, what is 4 - 202?
-143
In base 6, what is 11 + -5?
2
In base 14, what is -2 - -310?
30c
In base 3, what is 11221 + 101?
12022
In base 16, what is 1def + 1?
1df0
In base 16, what is 0 + a?
a
In base 7, what is -11121 + 3?
-11115
In base 11, what is -7 + 17?
10
In base 9, what is 0 + -26?
-26
In base 14, what is 3 + 65?
68
In base 11, what is 125 + 12?
137
In base 3, what is 12102 - -1?
12110
In base 2, what is 10000011 - -1?
10000100
In base 4, what is -3 + -12?
-21
In base 12, what is 648 - 5?
643
In base 10, what 